{"id":2532,"date":"2026-03-07T03:13:03","date_gmt":"2026-03-07T03:13:03","guid":{"rendered":"https:\/\/essenziumvita.com\/eventos\/ameliorer-le-sommeil-naturellement-comment-votre-environnement-influence\/"},"modified":"2026-03-07T03:13:03","modified_gmt":"2026-03-07T03:13:03","slug":"ameliorer-le-sommeil-naturellement-comment-votre-environnement-influence","status":"publish","type":"eventos","link":"https:\/\/essenziumvita.com\/fr\/evenements\/ameliorer-le-sommeil-naturellement-comment-votre-environnement-influence\/","title":{"rendered":"Am\u00e9liorer le sommeil naturellement : comment votre environnement influence"},"excerpt":{"rendered":"<p>D\u00e9couvrez comment votre environnement influence votre r\u00e9cup\u00e9ration et comment am\u00e9liorer le repos augmente naturellement votre \u00e9nergie chaque jour.<\/p>\n","protected":false},"featured_media":2533,"template":"","categorias-de-eventos":[70],"class_list":["post-2532","eventos","type-eventos","status-publish","has-post-thumbnail","hentry","categorias-de-eventos-acces-aux-personnes-et-aux-professionnels"],"_links":{"self":[{"href":"https:\/\/essenziumvita.com\/fr\/wp-json\/wp\/v2\/eventos\/2532","targetHints":{"allow":["GET"]}}],"collection":[{"href":"https:\/\/essenziumvita.com\/fr\/wp-json\/wp\/v2\/eventos"}],"about":[{"href":"https:\/\/essenziumvita.com\/fr\/wp-json\/wp\/v2\/types\/eventos"}],"wp:featuredmedia":[{"embeddable":true,"href":"https:\/\/essenziumvita.com\/fr\/wp-json\/wp\/v2\/media\/2533"}],"wp:attachment":[{"href":"https:\/\/essenziumvita.com\/fr\/wp-json\/wp\/v2\/media?parent=2532"}],"wp:term":[{"taxonomy":"categorias-de-eventos","embeddable":true,"href":"https:\/\/essenziumvita.com\/fr\/wp-json\/wp\/v2\/categorias-de-eventos?post=2532"}],"curies":[{"name":"wp","href":"https:\/\/api.w.org\/{rel}","templated":true}]}}

Améliorer le sommeil naturellement : comment votre environnement influence

<p>Découvrez comment votre environnement influence votre récupération et comment améliorer le repos augmente naturellement votre énergie chaque jour.</p>
